at is the units digit of f/(-3)*3/d?
1
Let h(u) = -u**2 + 9*u - 10. Let c be h(7). Suppose 0 = 2*a - c*a + 48. What is the units digit of a?
4
Let z = -4 + 9. Suppose -44 = -5*u + q - 0, -5*q + 50 = z*u. What is the units digit of u?
9
Let j(h) = -h**2 - 5*h + 5. Let r be j(-5). What is the tens digit of ((-17)/1)/(-6 + r)?
1
Let a(o) = -o + 5*o**2 - o**2 - 3*o**2 + 2. What is the tens digit of a(-4)?
2
What is the units digit of 1*(0 - -3)*9?
7
Let i(l) = 51*l. What is the tens digit of i(1)?
5
What is the tens digit of (-4 - 22/(-4))*744/9?
2
Let j = 20 - 30. Let w = j - 0. What is the units digit of ((-16)/w)/(1/5)?
8
Suppose 0 = 3*w + 9 - 51. What is the tens digit of w?
1
Let a = -118 - -215. What is the tens digit of a?
9
Let h = -6 + 0. Let b(j) = -5*j - j + 2*j - 2 + 3*j. What is the units digit of b(h)?
4
Suppose 0 = -2*k + 56 + 56. What is the units digit of k?
6
Let r = -313 - -694. What is the hundreds digit of r?
3
Let z be ((-9)/18)/((-1)/12). Let a = 13 - z. What is the units digit of a?
7
Suppose 0*o + 21 = s + 3*o, 0 = -s + o + 29. What is the units digit of s?
7
Let k = 151 - 71. What is the tens digit of k?
8
Let a(w) = -w - 5. Let l be a(-5). Suppose 4*k - 10 - 18 = l. Let z = -2 + k. What is the units digit of z?
5
Suppose -84 = -4*x - 2*x. Suppose 0*m - 3*m + 21 = 0. Let q = x - m. What is the units digit of q?
7
Suppose -34 = -b + 2*a, -b + 0 = 5*a + 1. What is the units digit of b?
4
Suppose -2*z + 3*z + 29 = 3*p, 4*p - z - 37 = 0. Let v = -3 + p. Suppose 3*y + 17 = h, 5 = v*h + y - 0*y. What is the units digit of h?
2
Let d(z) = z + 11. Let l(n) = 8*n**3 + n**2 - 1. Let a be l(-1). What is the units digit of d(a)?
3
Suppose 0 = 4*k - 0*k - 1064. What is the units digit of k?
6
Let j(p) = -p**3 - 11*p**2 - 12*p - 4. Suppose -z + 20 = z. Let u be -2*z/(-6)*-3. What is the tens digit of j(u)?
1
Let o(g) = 7*g - 2. Let m be o(6). Suppose 0*t - 5*t + m = 0. What is the units digit of t?
8
Let s(k) = -6 + 5 + 0 + 4*k + 2*k**2. What is the tens digit of s(-4)?
1
Let t = -59 - -179. What is the hundreds digit of t?
1
Let z = -7 - 5. Let b(l) = 23*l**3 + 2*l**2 - 2*l + 1. Let r be b(1). Let g = r + z. What is the tens digit of g?
1
Suppose -3*u - 4*d + 294 + 67 = 0, 0 = -u - 2*d + 117. What is the tens digit of u?
2
Suppose 2*n - 15 - 5 = 0. Suppose 0 = -a + 3*a - n. Suppose -x + a = -2. What is the units digit of x?
7
Let g(m) = -3*m + 4. Let h be g(3). Let n(u) be the first derivative of u**2/2 + 6*u - 2. What is the units digit of n(h)?
1
Let a = -20 - -21. Let m(c) = -2*c**2 - c**2 + 6*c**2. What is the units digit of m(a)?
3
Suppose 13*n = -3 + 237. What is the tens digit of n?
1
Let q(u) = u + 3. Let t be q(7). Suppose 0 = -5*m - 2*h - 28, 2*m = 2*h - 0*h - 14. Let i = t + m. What is the units digit of i?
4
Let f(t) = t - 2. Let l be f(2). Suppose l = 4*b + 4*u + u - 20, -4*u = 3*b - 14. What is the units digit of b?
0
What is the tens digit of (2/(-4))/((-1)/22)?
1
Suppose -12 + 1 = -b. Suppose 3*z + t = 47, -5*t - b + 36 = z. What is the units digit of z?
5
Let w(u) = 2*u**3 - 22*u**2 - u + 25. What is the units digit of w(11)?
4
Suppose 3 + 5 = 2*d, 4*d = -2*y - 36. Let t = -14 - y. Let j = 0 + t. What is the tens digit of j?
1
Suppose 0 = -m + 18 + 23. What is the tens digit of m?
4
Let n(u) = 5 - 6*u**2 + 3*u**2 + 10*u + 2*u**2. What is the units digit of n(8)?
1
Let w(a) = 10*a**2 - 1. Let p be w(1). Suppose 2*s + 1 = p. What is the units digit of (13/(-2))/((-2)/s)?
3
Let u = 28 - -39. What is the units digit of u?
7
Let s(h) = 3*h. Suppose 4*n - 2 = 2. Let f be s(n). Suppose -r - f*l - 6 = 0, -4*r + 2*l = 4*l - 6. What is the units digit of r?
3
Let z(n) = -3*n**3 - 3*n + 0*n**3 + 4 + 9*n**2 + 2*n**3. Let o be z(4). Suppose -4*q = 3*j - 32, 4*j + j - o = -2*q. What is the units digit of j?
6
Suppose -12 = 12*p - 13*p. What is the units digit of p?
2
Suppose -5*y - 4*u + 44 = 0, 2*y = u + 19 + 9. What is the tens digit of y?
1
Suppose 0 = -4*o + 22 + 70. What is the tens digit of o?
2
What is the tens digit of (-144)/(-10) - (1 + (-9)/15)?
1
Suppose -5 = -c - 0*c. Suppose l + 40 = c*l. What is the units digit of l?
0
What is the tens digit of (1/2)/(-2 + (-5190)/(-2592))?
1
Let r = -3 - -1. What is the units digit of 14 + r - (0 - -2)?
0
Let r = -16 + 7. Let x = r + 17. What is the units digit of x?
8
Suppose -2*q - 3*q = -815. What is the hundreds digit of q?
1
Let a(t) = t**2 - t - 1. Let i be a(3). Suppose -s = -c - 11, 12 - 47 = i*c - s. What is the units digit of 2/6 - 40/c?
7
Let b(u) = 2*u**2 - u**2 - 9*u - 1 - 2*u**2. What is the units digit of b(-6)?
7
What is the tens digit of 864/(-45)*20/(-6)?
6
Let w(j) = -j**3 + 8*j**2 + 10*j - 8. What is the units digit of w(8)?
2
Suppose 42 = -5*g - 33. Let l = g + 17. What is the units digit of l?
2
Let s(k) = -k + 1. Let q be s(-4). Suppose -g - t - 110 = -4*g, 0 = -q*g + 4*t + 188. Suppose 5*o - g = 3*o. What is the tens digit of o?
1
Suppose 2*u = -u + 15. Suppose -16 = -4*y + 2*r + 4, u*r + 18 = 2*y. What is the units digit of y?
4
Suppose 0*u + 2*u = 38. What is the tens digit of u?
1
Let o(f) = -f**3 - 8*f**2 + 7. Let d be o(-8). What is the units digit of d + -3*1/(-3)?
8
Let n(r) = 3*r**2 + 8*r + 11. What is the units digit of n(-4)?
7
Let g(h) = -3*h - 3. Let k be g(-2). Suppose k*l = l + 12. What is the units digit of l?
6
Let x = -278 + 93. What is the units digit of (-4)/(-26) + x/(-65)?
3
Suppose 154 = 4*j + 5*k, 4*j - k - 168 = k. Suppose 28 = 3*c - j. What is the units digit of c?
3
Suppose -252 = -3*x + 3*t, -x + 4*t = -3*x + 180. Suppose -x = -3*j - 5. What is the tens digit of j?
2
Let n(x) be the third derivative of x**6/120 + 7*x**5/60 - x**4/3 + 5*x**3/6 + x**2. What is the units digit of n(-8)?
5
Suppose 16 = r - 3*l - 1, -l + 11 = 3*r. Let x be (r + -6)/(2/(-42)). Let b = x - 10. What is the tens digit of b?
1
Let l(u) = u - 1. Let k be l(5). Suppose 3*i + 19 = -0*m - 5*m, m + 3 = -i. Suppose -b = k*p - 21, i*b - b + 4 = p. What is the units digit of p?
5
What is the units digit of -6*5/(15/(-18))?
6
Let o = -13 + 39. What is the tens digit of o?
2
Let n be ((-6)/4)/((-3)/(-6)). Let i be ((-27)/12)/(n/32). Suppose -3*b = m - 16, -m + 9*b = 4*b + i. What is the units digit of m?
1
Suppose -4*z + 5 = -5*v, -2*z + 2 = -z - 2*v. What is the units digit of (7 - 5) + z + 12?
4
Let i(w) be the first derivative of -w**5/20 - w**4/12 + w**3/2 - w**2/2 + 2*w + 2. Let d(s) be the first derivative of i(s). What is the units digit of d(-3)?
8
Suppose -2*n - 19 = -3*w, 4*w - 6*n - 24 = -3*n. What is the tens digit of ((-20)/3)/((-6)/w)?
1
Let h = 19 + -9. Suppose i = 4*d + h, 3*i + 4 = -d - 5. Let j = -1 - d. What is the units digit of j?
2
Suppose -2*n = -n - 6. What is the units digit of (15/n)/(7/126)?
5
Suppose -3*s + 8 = 2. Let w(f) = -7*f**2 - 11*f + 5. Let h(u) = -3*u**2 - 5*u + 2. Let z(x) = s*w(x) - 5*h(x). What is the tens digit of z(-5)?
1
Let l = -15 - -37. Suppose -u = -0*p - 3*p + l, -2*p = -3*u - 17. What is the units digit of p?
7
Suppose -d + 27 + 16 = 0. What is the units digit of d?
3
Suppose 0 = -3*i + 3*w + 675, 8 = 2*w - 2. What is the units digit of i?
0
Let y = -272 + 546. What is the tens digit of y?
7
Let h(i) = 3*i**2 - 4*i - 1. Let o be h(3). Suppose -2*z = -x + z + o, -x = 4*z. What is the units digit of x?
8
Suppose 0 = -b + 6*b + 3*t + 14, -2*b = 5*t - 2. What is the units digit of 58*(b/8)/(-1)?
9
Let d(o) = 3 + 7 + o + 3*o. Let c be d(-7). Let v = c - -25. What is the units digit of v?
7
Suppose 4*o + 36 = 5*o. What is the units digit of o?
6
Let q(t) = 2*t - 10. Let n be q(7). Let x be 6/(-9) + 22/6. Suppose 0*f - 9 = -x*f, 5*d - 53 = n*f. What is the tens digit of d?
1
Suppose -5*p + 860 = 5*a, -9*p = -6*p - 3*a - 504. What is the units digit of p?
0
Let d = -27 - -58. What is the tens digit of d?
3
Suppose 139 = 4*f - 57. What is the units digit of f?
9
Let f(w) = -177*w - 5. What is the tens digit of f(-1)?
7
Let y(q) = 4*q**2 + 5*q + 2. Let v(l) = 7*l**2 + 11*l + 3. Let d(m) = -3*v(m) + 5*y(m). Let c = -3 + -4. What is the units digit of d(c)?
8
Let g(v) = 201*v**3 - 4*v + 3. What is the units digit of g(1)?
0
Let n(u) = u**3 + 9*u**2 + 9*u + 6. Suppose -2*i = 4*v - 3*v - 3, -20 = -4*i. Let h be n(v). Suppose h = 